u**2 - 2*u. Let s be f(-2). Suppose -375*r + 53 = 3*d - 377*r, -4*r = 4. What is the remainder when 36*(8/(-3))/s is divided by d?
7
Let q(g) = 2*g - 1. Let b(h) = 11*h + 149. Let f(p) = b(p) + q(p). What is the remainder when f(0) is divided by 51?
46
Suppose 0 = 43*r - 12976 - 1558. What is the remainder when r is divided by 2/(-11) + 1128/33?
32
Let p(c) = 301*c**2 - 115*c + 732. What is the remainder when p(6) is divided by 9?
6
Suppose 5*t - 28 = -2*c, 5*c + 0*t + 4*t - 104 = 0. Suppose -7 = d + 4*v - 1, v + c = 2*d. Let u = -150 + 186. What is the remainder when u is divided by d?
6
Let l = 680 - 676. Let d(w) = 19*w**2 - 15*w + 24. What is the remainder when d(l) is divided by 21?
16
Suppose 0*i = -13*i + 169. Let g(m) = 46*m + 7. Calculate the remainder when g(2) is divided by i.
8
Let f = 61255 - 36337. Calculate the remainder when f is divided by 17.
13
Let t(w) = 4 + 5*w**2 + 2 + 3 - 2 - 10*w. Let q be 2 - 4 - 5/(-1). What is the remainder when 87 is divided by t(q)?
21
Let f(z) = -7*z**3 + 9*z**2 + 10*z - 12. Let a be f(-4). Calculate the remainder when ((-2)/(-4))/(15/a) is divided by 13.
5
Suppose -3*y - 5*b - 1 = 0, -5*y = 4*b - 7 - 0. What is the remainder when 5/(25/355) + -3 is divided by -1*(2 + y + 32)*-1?
31
Suppose 4*c = -527 + 2767. Suppose -9*h + 7*h = 4, -2*t = h - c. Calculate the remainder when t is divided by 19.
15
Let h = 23 + -23. Suppose h = -o + 10. Let l = -211 - -289. Calculate the remainder when l is divided by o.
8
Let z be (-714)/(-112) + -2 + 3/(-8). Suppose -5*x - z*u + 5*u = -169, 4*x = -u + 137. What is the remainder when 54 is divided by x?
20
Suppose 165*i = 50*i - 17*i + 6072. Calculate the remainder when 448 is divided by i.
34
Let g = 12 + -8. Let r be ((-114)/171)/(7/(-3) + 2). Suppose 2*t + r*z - 48 = -3*t, -g*t + 20 = -3*z. What is the remainder when 13 is divided by t?
5
Suppose -5*f + 3*g = -67, -9*f + 55 = -4*f - 5*g. Calculate the remainder when 336 is divided by f.
13
Let h be 825/50*264/9. Suppose 0 = 20*a - 9*a - h. What is the remainder when 117 is divided by a?
29
Suppose -5*p - 7 = -c - 24, 24 = 3*p + 4*c. Suppose -33*b + 34*b = 5*a + 23, a - 4 = 0. What is the remainder when 3/(-6) + 334/p is divided by b?
40
Let w = 7838 + -4780. What is the remainder when w is divided by 45?
43
Let m = -18243 + 18404. What is the remainder when 461 is divided by m?
139
Suppose -r - 2 = -4*g, 5*r + 0*g = 2*g + 8. Suppose -r*n - c + 143 = 0, -4 = -3*c + 5. Suppose 0 = 3*f - 8*f + n. What is the remainder when 53 is divided by f?
11
Let s = -216 + 224. Suppose -2*h + 3*k = -280, 4*h = s*h - 2*k - 568. Calculate the remainder when h is divided by 73.
70
Let h(n) be the second derivative of -n**3/2 + 12*n**2 + 13*n. Calculate the remainder when h(2) is divided by 10.
8
Suppose -5*v + 7779 = r, 1545 = -36*v + 37*v + 2*r. What is the remainder when v is divided by 34?
27
Suppose 0*w - 4*w + 3*p = -17, -2*w - 2*p - 2 = 0. Suppose -w*m - 36 = -0. Calculate the remainder when (-2)/9 - 364/m is divided by 3.
2
Let n be 16 + (0 + 1 - 2). Let s(y) = -y + 43. What is the remainder when s(n) is divided by (-30)/(-4) - 1/(-2)?
4
Suppose -4*t + 826*f + 127 = 821*f, 3*t + 4*f = 72. Calculate the remainder when 393 is divided by t.
1
Let h be 466/5 + (-1)/5. Suppose g - h - 158 = 0. Let c = g - 175. What is the remainder when c is divided by 26?
24
Suppose -2*j + 45 = 5. Let s(h) = h**3 + h**2 + h - 392. Let f be s(0). What is the remainder when f/(-5) + 24/15 + -2 is divided by j?
18
Let y be 0/(70/(-30) - 2/(-6)). Suppose 4*o - 3*f + 115 = 819, y = o - 5*f - 193. Calculate the remainder when o is divided by 11.
8
Let f = 4514 + -4512. Calculate the remainder when 242 is divided by f.
0
Suppose 5*s + 38 = -12. Let q(o) = -o**3 + 12*o**2 - 23*o + 22. Let h be q(8). Let n = s + h. What is the remainder when n is divided by 29?
26
Let z = -6 + 72. Suppose 3*u + 5*h = z, -4*h - 66 = u - 3*u. Calculate the remainder when 70 is divided by u.
16
Let r(z) = -7*z**3 - 34*z**2 + 29*z + 101. Let y(u) = -u**3 - u**2 + u. Let f(p) = r(p) - 6*y(p). What is the remainder when f(-29) is divided by 92?
91
Suppose 2*b = 2*z - 60, -5*z - 2*b + 162 = -3*b. What is the remainder when ((-31)/(-124) - -15)/(2/8) is divided by z?
28
Suppose 4891 = -90*j - 39*j + 13663. Calculate the remainder when 98 is divided by j.
30
Let w = 15082 + -14833. Calculate the remainder when w is divided by 19 + (2 - 8/(-4)).
19
Suppose w - 3*n = 4, 9 = -12*n + 15*n. Let j = -3 - 5. Let x = j - -32. What is the remainder when x is divided by w?
11
Suppose -4*s - a + 272 = -254, 5*s - 4*a - 647 = 0. Suppose -4*t = -g - 2126 + s, 3*t - 3*g = 1494. Calculate the remainder when t is divided by 25.
24
Let g(j) = 98*j**2 - 2*j - 1. What is the remainder when g(-1) is divided by (2934/(-72) + 41)*104?
21
Let g(s) = s**2 + 25*s - 70. Let x = -10 - -31. What is the remainder when g(-30) is divided by x?
17
Let r(g) = -8*g + 59. Let p be 0 + 0 + (-13)/((-65)/20). Let y(d) = d**2 - 3*d - 4. Let l be y(p). What is the remainder when r(l) is divided by 15?
14
Let d = -33 + 66. Let o = -490 - -490. Suppose o = 388*t - 382*t - 108. Calculate the remainder when d is divided by t.
15
Let q(k) = -k**2 - 20*k - 48. Let u = 385 + -398. Suppose 3*l - 4*r + 150 = 520, 0 = 3*l + 2*r - 382. Calculate the remainder when l is divided by q(u).
40
Let o(v) = 36*v**3 + v**2 + v - 6. Let l be o(2). Suppose l = c + 13. Calculate the remainder when c is divided by 23.
22
Suppose 0 = 13*b - 919 + 243. Calculate the remainder when b is divided by (-2)/(-5) - (-515)/25.
10
Suppose -3*l = -224 + 131. Let j(y) = 37*y**2 - y + 2. Let c be j(2). Let f = -88 + c. Calculate the remainder when f is divided by l.
29
What is the remainder when 135888/24*(((-90)/4)/(-5) + -4) is divided by 26?
23
Let q = 202 - 172. Let b = q - -200. Calculate the remainder when b is divided by 11.
10
Let p = -28 - -28. Suppose 3*z - 38 = -b, p = -2*b - z - 2*z + 79. Suppose 0*o + b = o. What is the remainder when o is divided by 15?
11
Suppose -5*i = y - 4*i - 14, -5*y - 4*i + 65 = 0. Let r(q) = 16*q - 4 + y*q**2 + q**2 - 4*q + 9*q. What is the remainder when r(-5) is divided by 24?
21
Let i(c) = 20*c**2 + 2*c - 44. What is the remainder when i(3) is divided by 37?
31
Let i be (-6)/((-35)/10 + 2). Suppose 0 = -2*v + i, -2580 = -5*w - 4*v - v. What is the remainder when w is divided by 47?
44
Let p(m) = m**3 - 2*m**2 + 6*m - 1. Let q be p(3). Calculate the remainder when (-6)/(-8)*(9 + 55) is divided by ((-63)/(-21))/(3/q).
22
Let m(v) be the first derivative of 6*v**3 + 1/4*v**4 + 15/2*v**2 - 2*v + 4. Calculate the remainder when 62 is divided by m(-17).
30
Suppose 91*u - 4164 = -706. Calculate the remainder when 1064 is divided by u.
0
Let j be ((-45)/(-10) + -2)*(-12)/(-10). Suppose j*t = 7 + 110. Calculate the remainder when 154 is divided by t.
37
Let r(a) = a**2 + 5*a - 56. Let o be r(-17). Suppose x = -0*x + o. What is the remainder when x is divided by 15?
13
Let w(h) = -h**3 - h + 120. Let m be w(0). Let f(t) = t**2 - 12*t - 25. Calculate the remainder when f(16) is divided by 71/5 - -4*(-6)/m.
11
Suppose 2*x = 2*q - 70, 199 = 4*q + x + 39. Let b = q - 21. What is the remainder when 51 is divided by b?
15
Let t = 28 + 25. Suppose 106 = 3*o + 2*u, o + 2*o - 4*u - 130 = 0. Suppose -4*k = -v + o, -v = 2*k - 9 + 1. Calculate the remainder when t is divided by v.
17
Let z(p) = -10*p + 54. Let g be z(14). Let w = g + 162. Calculate the remainder when w is divided by 30.
16
Let n(m) = m**3 + 6*m**2 + 5*m + 68. Let x be n(-7). Calculate the remainder when (-1)/(-1)*(5 - (x - -12)) is divided by 7.
2
Let y = 495 - 567. What is the remainder when 149 is divided by -3*3*136/y?
13
Suppose -107*j + 104*j = 2*d - 157, 5*d = -5*j + 385. Let z be (8/16)/((-2)/4). Calculate the remainder when d is divided by (z + -2 - -3) + 11.
8
Suppose -3795 = 37*k - 202*k. Suppose 3*b - 34 = b. What is the remainder when k is divided by b?
6
Calculate the remainder when (23130/20)/((-6)/(-16)) is divided by 63.
60
Suppose -2*h + 100 = 4*m, -33*h - m = -31*h - 94. Suppose j = -3*j + 64. What is the remainder when h is divided by j?
14
Let c be 2 + (-8)/((-48)/(-30)). Calculate the remainder when (-105)/(-1)*(c + 2 + 2) is divided by 12.
9